{"id":2556,"date":"2019-09-30T14:43:21","date_gmt":"2019-09-30T14:43:21","guid":{"rendered":"https:\/\/www.dc-bled.si\/employees\/natasa-brglez-jurecic-dr-med\/"},"modified":"2022-03-17T10:16:07","modified_gmt":"2022-03-17T10:16:07","slug":"natasa-brglez-jurecic-dr-med","status":"publish","type":"employees","link":"https:\/\/www.dc-bled.si\/en\/employees\/natasa-brglez-jurecic-dr-med\/","title":{"rendered":"Nata\u0161a Brglez Jure\u010di\u010d, md."},"content":{"rendered":"\n<p>She completed her specialization in internal medicine in 2005, and she has been engaged in gastroenterology since 2006. She joined the team at the diagnostic centre Diagnosti\u010dni center Bled in June 2018. She has more than a decade of experience in the field of gastrointestinal endoscopy diagnostics and therapy, and she regularly attends trainings in Slovenia and abroad. Since 2010, she has cooperated in the SVIT preventive programme as a screening endoscopist. She has been engaged in the issues of chronic inflammatory bowel disease (IBD) in a specialist clinic, and she also completed an additional training in the field of patient management undergoing biological therapy of IBD. In the future, she wishes to further deepen her knowledge in the field of therapeutic procedures in gastrointestinal endoscopy as well as to expand her knowledge and gain experience in other forms of endoscopic diagnostics; she is especially interested in endoscopic ultrasound.  <\/p>\n","protected":false},"excerpt":{"rendered":"<p>She completed her specialization in internal medicine in 2005, and she has been engaged in gastroenterology since 2006. She joined [&hellip;]<\/p>\n","protected":false},"author":2,"featured_media":29261,"menu_order":0,"template":"","meta":{"_acf_changed":false,"footnotes":""},"employee_status":[2557],"class_list":["post-2556","employees","type-employees","status-publish","has-post-thumbnail","hentry","employee_status-doctors"],"acf":[],"yoast_head":"<!-- This site is optimized with the Yoast SEO Premium plugin v14.9 - https:\/\/yoast.com\/wordpress\/plugins\/seo\/ -->\n<title>Nata\u0161a Brglez Jure\u010di\u010d, md. | Diagnosti\u010dni center Bled<\/title>\n<meta name=\"robots\" content=\"index, follow, max-snippet:-1, max-image-preview:large, max-video-preview:-1\" \/>\n<link rel=\"canonical\" href=\"https:\/\/www.dc-bled.si\/en\/employees\/natasa-brglez-jurecic-dr-med\/\" \/>\n<meta property=\"og:locale\" content=\"en_US\" \/>\n<meta property=\"og:type\" content=\"article\" \/>\n<meta property=\"og:title\" content=\"Nata\u0161a Brglez Jure\u010di\u010d, md. | Diagnosti\u010dni center Bled\" \/>\n<meta property=\"og:description\" content=\"She completed her specialization in internal medicine in 2005, and she has been engaged in gastroenterology since 2006. She joined [&hellip;]\" \/>\n<meta property=\"og:url\" content=\"https:\/\/www.dc-bled.si\/en\/employees\/natasa-brglez-jurecic-dr-med\/\" \/>\n<meta property=\"og:site_name\" content=\"Diagnosti\u010dni center Bled\" \/>\n<meta property=\"article:modified_time\" content=\"2022-03-17T10:16:07+00:00\" \/>\n<meta property=\"og:image\" content=\"https:\/\/www.dc-bled.si\/wp-content\/uploads\/2022\/03\/Natasa-Brglez-Jurecic-obrezano-e1647512060745.jpg\" \/>\n\t<meta property=\"og:image:width\" content=\"460\" \/>\n\t<meta property=\"og:image:height\" content=\"302\" \/>\n<meta name=\"twitter:card\" content=\"summary_large_image\" \/>\n<script type=\"application\/ld+json\" class=\"yoast-schema-graph\">{\"@context\":\"https:\/\/schema.org\",\"@graph\":[{\"@type\":\"Organization\",\"@id\":\"https:\/\/www.dc-bled.si\/en\/#organization\",\"name\":\"Diagnosti\\u010dni center Bled\",\"url\":\"https:\/\/www.dc-bled.si\/en\/\",\"sameAs\":[],\"logo\":{\"@type\":\"ImageObject\",\"@id\":\"https:\/\/www.dc-bled.si\/en\/#logo\",\"inLanguage\":\"en-US\",\"url\":\"https:\/\/www.dc-bled.si\/wp-content\/uploads\/2019\/09\/dc_bled.svg\",\"width\":483,\"height\":70,\"caption\":\"Diagnosti\\u010dni center Bled\"},\"image\":{\"@id\":\"https:\/\/www.dc-bled.si\/en\/#logo\"}},{\"@type\":\"WebSite\",\"@id\":\"https:\/\/www.dc-bled.si\/en\/#website\",\"url\":\"https:\/\/www.dc-bled.si\/en\/\",\"name\":\"Diagnosti\\u010dni center Bled\",\"description\":\"Bled, Ljubljana, Novo Mesto\",\"publisher\":{\"@id\":\"https:\/\/www.dc-bled.si\/en\/#organization\"},\"potentialAction\":[{\"@type\":\"SearchAction\",\"target\":\"https:\/\/www.dc-bled.si\/en\/?s={search_term_string}\",\"query-input\":\"required name=search_term_string\"}],\"inLanguage\":\"en-US\"},{\"@type\":\"ImageObject\",\"@id\":\"https:\/\/www.dc-bled.si\/en\/employees\/natasa-brglez-jurecic-dr-med\/#primaryimage\",\"inLanguage\":\"en-US\",\"url\":\"https:\/\/www.dc-bled.si\/wp-content\/uploads\/2022\/03\/Natasa-Brglez-Jurecic-obrezano-e1647512060745.jpg\",\"width\":460,\"height\":302},{\"@type\":\"WebPage\",\"@id\":\"https:\/\/www.dc-bled.si\/en\/employees\/natasa-brglez-jurecic-dr-med\/#webpage\",\"url\":\"https:\/\/www.dc-bled.si\/en\/employees\/natasa-brglez-jurecic-dr-med\/\",\"name\":\"Nata\\u0161a Brglez Jure\\u010di\\u010d, md. | Diagnosti\\u010dni center Bled\",\"isPartOf\":{\"@id\":\"https:\/\/www.dc-bled.si\/en\/#website\"},\"primaryImageOfPage\":{\"@id\":\"https:\/\/www.dc-bled.si\/en\/employees\/natasa-brglez-jurecic-dr-med\/#primaryimage\"},\"datePublished\":\"2019-09-30T14:43:21+00:00\",\"dateModified\":\"2022-03-17T10:16:07+00:00\",\"breadcrumb\":{\"@id\":\"https:\/\/www.dc-bled.si\/en\/employees\/natasa-brglez-jurecic-dr-med\/#breadcrumb\"},\"inLanguage\":\"en-US\",\"potentialAction\":[{\"@type\":\"ReadAction\",\"target\":[\"https:\/\/www.dc-bled.si\/en\/employees\/natasa-brglez-jurecic-dr-med\/\"]}]},{\"@type\":\"BreadcrumbList\",\"@id\":\"https:\/\/www.dc-bled.si\/en\/employees\/natasa-brglez-jurecic-dr-med\/#breadcrumb\",\"itemListElement\":[{\"@type\":\"ListItem\",\"position\":1,\"item\":{\"@type\":\"WebPage\",\"@id\":\"https:\/\/www.dc-bled.si\/en\/\",\"url\":\"https:\/\/www.dc-bled.si\/en\/\",\"name\":\"DC Bled\"}},{\"@type\":\"ListItem\",\"position\":2,\"item\":{\"@type\":\"WebPage\",\"@id\":\"https:\/\/www.dc-bled.si\/en\/employees\/\",\"url\":\"https:\/\/www.dc-bled.si\/en\/employees\/\",\"name\":\"Employees\"}},{\"@type\":\"ListItem\",\"position\":3,\"item\":{\"@type\":\"WebPage\",\"@id\":\"https:\/\/www.dc-bled.si\/en\/employees\/natasa-brglez-jurecic-dr-med\/\",\"url\":\"https:\/\/www.dc-bled.si\/en\/employees\/natasa-brglez-jurecic-dr-med\/\",\"name\":\"Nata\\u0161a Brglez Jure\\u010di\\u010d, md.\"}}]}]}<\/script>\n<!-- \/ Yoast SEO Premium plugin. -->","_links":{"self":[{"href":"https:\/\/www.dc-bled.si\/en\/wp-json\/wp\/v2\/employees\/2556","targetHints":{"allow":["GET"]}}],"collection":[{"href":"https:\/\/www.dc-bled.si\/en\/wp-json\/wp\/v2\/employees"}],"about":[{"href":"https:\/\/www.dc-bled.si\/en\/wp-json\/wp\/v2\/types\/employees"}],"author":[{"embeddable":true,"href":"https:\/\/www.dc-bled.si\/en\/wp-json\/wp\/v2\/users\/2"}],"version-history":[{"count":4,"href":"https:\/\/www.dc-bled.si\/en\/wp-json\/wp\/v2\/employees\/2556\/revisions"}],"predecessor-version":[{"id":3282,"href":"https:\/\/www.dc-bled.si\/en\/wp-json\/wp\/v2\/employees\/2556\/revisions\/3282"}],"wp:featuredmedia":[{"embeddable":true,"href":"https:\/\/www.dc-bled.si\/en\/wp-json\/wp\/v2\/media\/29261"}],"wp:attachment":[{"href":"https:\/\/www.dc-bled.si\/en\/wp-json\/wp\/v2\/media?parent=2556"}],"wp:term":[{"taxonomy":"employee_status","embeddable":true,"href":"https:\/\/www.dc-bled.si\/en\/wp-json\/wp\/v2\/employee_status?post=2556"}],"curies":[{"name":"wp","href":"https:\/\/api.w.org\/{rel}","templated":true}]}}

Nataša Brglez Jurečič, md.

<p>She completed her specialization in internal medicine in 2005, and she has been engaged in gastroenterology since 2006. She joined the team at the diagnostic centre Diagnostični center Bled in June 2018. She has more than a decade of experience in the field of gastrointestinal endoscopy diagnostics and therapy, and she regularly attends trainings in Slovenia and abroad. Since 2010, she has cooperated in the SVIT preventive programme as a screening endoscopist. She has been engaged in the issues of chronic inflammatory bowel disease (IBD) in a specialist clinic, and she also completed an additional training in the field of patient management undergoing biological therapy of IBD. In the future, she wishes to further deepen her knowledge in the field of therapeutic procedures in gastrointestinal endoscopy as well as to expand her knowledge and gain experience in other forms of endoscopic diagnostics; she is especially interested in endoscopic ultrasound.  </p>

<!-- This site is optimized with the Yoast SEO Premium plugin v14.9 - https://yoast.com/wordpress/plugins/seo/ -->
<title>Nataša Brglez Jurečič, md. | Diagnostični center Bled</title>
<meta name="robots" content="index, follow, max-snippet:-1, max-image-preview:large, max-video-preview:-1" />
<link rel="canonical" href="https://www.dc-bled.si/en/employees/natasa-brglez-jurecic-dr-med/" />
<meta property="og:locale" content="en_US" />
<meta property="og:type" content="article" />
<meta property="og:title" content="Nataša Brglez Jurečič, md. | Diagnostični center Bled" />
<meta property="og:description" content="She completed her specialization in internal medicine in 2005, and she has been engaged in gastroenterology since 2006. She joined [&hellip;]" />
<meta property="og:url" content="https://www.dc-bled.si/en/employees/natasa-brglez-jurecic-dr-med/" />
<meta property="og:site_name" content="Diagnostični center Bled" />
<meta property="article:modified_time" content="2022-03-17T10:16:07+00:00" />
<meta property="og:image" content="https://www.dc-bled.si/wp-content/uploads/2022/03/Natasa-Brglez-Jurecic-obrezano-e1647512060745.jpg" />
	<meta property="og:image:width" content="460" />
	<meta property="og:image:height" content="302" />
<meta name="twitter:card" content="summary_large_image" />
<script type="application/ld+json" class="yoast-schema-graph">{"@context":"https://schema.org","@graph":[{"@type":"Organization","@id":"https://www.dc-bled.si/en/#organization","name":"Diagnosti\u010dni center Bled","url":"https://www.dc-bled.si/en/","sameAs":[],"logo":{"@type":"ImageObject","@id":"https://www.dc-bled.si/en/#logo","inLanguage":"en-US","url":"https://www.dc-bled.si/wp-content/uploads/2019/09/dc_bled.svg","width":483,"height":70,"caption":"Diagnosti\u010dni center Bled"},"image":{"@id":"https://www.dc-bled.si/en/#logo"}},{"@type":"WebSite","@id":"https://www.dc-bled.si/en/#website","url":"https://www.dc-bled.si/en/","name":"Diagnosti\u010dni center Bled","description":"Bled, Ljubljana, Novo Mesto","publisher":{"@id":"https://www.dc-bled.si/en/#organization"},"potentialAction":[{"@type":"SearchAction","target":"https://www.dc-bled.si/en/?s={search_term_string}","query-input":"required name=search_term_string"}],"inLanguage":"en-US"},{"@type":"ImageObject","@id":"https://www.dc-bled.si/en/employees/natasa-brglez-jurecic-dr-med/#primaryimage","inLanguage":"en-US","url":"https://www.dc-bled.si/wp-content/uploads/2022/03/Natasa-Brglez-Jurecic-obrezano-e1647512060745.jpg","width":460,"height":302},{"@type":"WebPage","@id":"https://www.dc-bled.si/en/employees/natasa-brglez-jurecic-dr-med/#webpage","url":"https://www.dc-bled.si/en/employees/natasa-brglez-jurecic-dr-med/","name":"Nata\u0161a Brglez Jure\u010di\u010d, md. | Diagnosti\u010dni center Bled","isPartOf":{"@id":"https://www.dc-bled.si/en/#website"},"primaryImageOfPage":{"@id":"https://www.dc-bled.si/en/employees/natasa-brglez-jurecic-dr-med/#primaryimage"},"datePublished":"2019-09-30T14:43:21+00:00","dateModified":"2022-03-17T10:16:07+00:00","breadcrumb":{"@id":"https://www.dc-bled.si/en/employees/natasa-brglez-jurecic-dr-med/#breadcrumb"},"inLanguage":"en-US","potentialAction":[{"@type":"ReadAction","target":["https://www.dc-bled.si/en/employees/natasa-brglez-jurecic-dr-med/"]}]},{"@type":"BreadcrumbList","@id":"https://www.dc-bled.si/en/employees/natasa-brglez-jurecic-dr-med/#breadcrumb","itemListElement":[{"@type":"ListItem","position":1,"item":{"@type":"WebPage","@id":"https://www.dc-bled.si/en/","url":"https://www.dc-bled.si/en/","name":"DC Bled"}},{"@type":"ListItem","position":2,"item":{"@type":"WebPage","@id":"https://www.dc-bled.si/en/employees/","url":"https://www.dc-bled.si/en/employees/","name":"Employees"}},{"@type":"ListItem","position":3,"item":{"@type":"WebPage","@id":"https://www.dc-bled.si/en/employees/natasa-brglez-jurecic-dr-med/","url":"https://www.dc-bled.si/en/employees/natasa-brglez-jurecic-dr-med/","name":"Nata\u0161a Brglez Jure\u010di\u010d, md."}}]}]}</script>
<!-- / Yoast SEO Premium plugin. -->
